{"id":159,"date":"2023-06-07T12:37:29","date_gmt":"2023-06-07T12:37:29","guid":{"rendered":"https:\/\/www.ubrankadochrztu.com\/?page_id=159"},"modified":"2023-06-08T12:59:09","modified_gmt":"2023-06-08T12:59:09","slug":"ubranka-dziewczece","status":"publish","type":"page","link":"https:\/\/www.ubrankadochrztu.com\/?page_id=159","title":{"rendered":"ubranka dziewcz\u0119ce"},"content":{"rendered":"\n<p>Je\u015bli szukasz pi\u0119knej i wyj\u0105tkowej sukienki do chrztu dla swojej c\u00f3reczki, zapraszamy do zapoznania si\u0119 z nasz\u0105 ofert\u0105 ubranek do chrztu firmy Folletti. Oferujemy szeroki wyb\u00f3r sukienek w r\u00f3\u017cnych kolorach i stylach, dopasowanych do ka\u017cdej uroczysto\u015bci. Nasze sukienki s\u0105 szyte r\u0119cznie z wysokiej jako\u015bci materia\u0142\u00f3w, takich jak szyfon, tiul, satyna mu\u015blin, len, welur, czy koronka oraz hafty. Zadbali\u015bmy o ka\u017cdy szczeg\u00f3\u0142, aby Twoja dziewczynka czu\u0142a si\u0119 jak ksi\u0119\u017cniczka w tym wyj\u0105tkowym dniu. W naszej galerii znajdziesz zdj\u0119cia naszych sukienek w r\u00f3\u017cnych rozmiarach i fasonach. Mo\u017cesz wybra\u0107 spo\u015br\u00f3d klasycznych sukienek w kolorze bia\u0142ym, ecru lub \u015bmietankowym, ozdobionych haftami, koronkami, kokardami lub falbankami. Mo\u017cesz te\u017c postawi\u0107 na co\u015b bardziej kolorowego i wybra\u0107 sukienk\u0119 w jasnym r\u00f3\u017cu lub innym pastelowym odcieniu. Ka\u017cd\u0105 sukienk\u0119 mo\u017cna dopasowa\u0107 do dodatk\u00f3w, takich jak czapka, opaska, bolerko, p\u0142aszczyk czy sweterek. Zapewniamy szybk\u0105 i bezpieczn\u0105 wysy\u0142k\u0119 oraz atrakcyjne ceny. Zam\u00f3w ju\u017c dzi\u015b i spraw swojej c\u00f3reczce niezapomniany prezent!<\/p>\n\n\n\n<figure class=\"wp-block-gallery has-nested-images columns-default is-cropped wp-block-gallery-1 is-layout-flex wp-block-gallery-is-layout-flex\">\n<figure class=\"wp-block-image size-large\"><img loading=\"lazy\" decoding=\"async\" width=\"658\" height=\"1024\" data-id=\"130\" src=\"https:\/\/www.ubrankadochrztu.com\/wp-content\/uploads\/2023\/06\/23B001.2-658x1024.jpg\" alt=\"\" class=\"wp-image-130\" srcset=\"https:\/\/www.ubrankadochrztu.com\/wp-content\/uploads\/2023\/06\/23B001.2-658x1024.jpg 658w, https:\/\/www.ubrankadochrztu.com\/wp-content\/uploads\/2023\/06\/23B001.2-193x300.jpg 193w, https:\/\/www.ubrankadochrztu.com\/wp-content\/uploads\/2023\/06\/23B001.2-768x1195.jpg 768w, https:\/\/www.ubrankadochrztu.com\/wp-content\/uploads\/2023\/06\/23B001.2-987x1536.jpg 987w, https:\/\/www.ubrankadochrztu.com\/wp-content\/uploads\/2023\/06\/23B001.2-1316x2048.jpg 1316w, https:\/\/www.ubrankadochrztu.com\/wp-content\/uploads\/2023\/06\/23B001.2-39x60.jpg 39w, https:\/\/www.ubrankadochrztu.com\/wp-content\/uploads\/2023\/06\/23B001.2-scaled.jpg 1645w\" sizes=\"(max-width: 658px) 100vw, 658px\" \/><\/figure>\n\n\n\n<figure class=\"wp-block-image size-large\"><img loading=\"lazy\" decoding=\"async\" width=\"658\" height=\"1024\" data-id=\"131\" src=\"https:\/\/www.ubrankadochrztu.com\/wp-content\/uploads\/2023\/06\/23B001.3-658x1024.jpg\" alt=\"\" class=\"wp-image-131\" srcset=\"https:\/\/www.ubrankadochrztu.com\/wp-content\/uploads\/2023\/06\/23B001.3-658x1024.jpg 658w, https:\/\/www.ubrankadochrztu.com\/wp-content\/uploads\/2023\/06\/23B001.3-193x300.jpg 193w, https:\/\/www.ubrankadochrztu.com\/wp-content\/uploads\/2023\/06\/23B001.3-768x1195.jpg 768w, https:\/\/www.ubrankadochrztu.com\/wp-content\/uploads\/2023\/06\/23B001.3-987x1536.jpg 987w, https:\/\/www.ubrankadochrztu.com\/wp-content\/uploads\/2023\/06\/23B001.3-1316x2048.jpg 1316w, https:\/\/www.ubrankadochrztu.com\/wp-content\/uploads\/2023\/06\/23B001.3-39x60.jpg 39w, https:\/\/www.ubrankadochrztu.com\/wp-content\/uploads\/2023\/06\/23B001.3-scaled.jpg 1645w\" sizes=\"(max-width: 658px) 100vw, 658px\" \/><\/figure>\n\n\n\n<figure class=\"wp-block-image size-large\"><img loading=\"lazy\" decoding=\"async\" width=\"646\" height=\"1024\" data-id=\"132\" src=\"https:\/\/www.ubrankadochrztu.com\/wp-content\/uploads\/2023\/06\/23B001.4-646x1024.jpg\" alt=\"\" class=\"wp-image-132\" srcset=\"https:\/\/www.ubrankadochrztu.com\/wp-content\/uploads\/2023\/06\/23B001.4-646x1024.jpg 646w, https:\/\/www.ubrankadochrztu.com\/wp-content\/uploads\/2023\/06\/23B001.4-189x300.jpg 189w, https:\/\/www.ubrankadochrztu.com\/wp-content\/uploads\/2023\/06\/23B001.4-768x1218.jpg 768w, https:\/\/www.ubrankadochrztu.com\/wp-content\/uploads\/2023\/06\/23B001.4-969x1536.jpg 969w, https:\/\/www.ubrankadochrztu.com\/wp-content\/uploads\/2023\/06\/23B001.4-1291x2048.jpg 1291w, https:\/\/www.ubrankadochrztu.com\/wp-content\/uploads\/2023\/06\/23B001.4-38x60.jpg 38w, https:\/\/www.ubrankadochrztu.com\/wp-content\/uploads\/2023\/06\/23B001.4-scaled.jpg 1614w\" sizes=\"(max-width: 646px) 100vw, 646px\" \/><\/figure>\n\n\n\n<figure class=\"wp-block-image size-large\"><img loading=\"lazy\" decoding=\"async\" width=\"655\" height=\"1024\" data-id=\"133\" src=\"https:\/\/www.ubrankadochrztu.com\/wp-content\/uploads\/2023\/06\/23B001.5-655x1024.jpg\" alt=\"\" class=\"wp-image-133\" srcset=\"https:\/\/www.ubrankadochrztu.com\/wp-content\/uploads\/2023\/06\/23B001.5-655x1024.jpg 655w, https:\/\/www.ubrankadochrztu.com\/wp-content\/uploads\/2023\/06\/23B001.5-192x300.jpg 192w, https:\/\/www.ubrankadochrztu.com\/wp-content\/uploads\/2023\/06\/23B001.5-768x1201.jpg 768w, https:\/\/www.ubrankadochrztu.com\/wp-content\/uploads\/2023\/06\/23B001.5-982x1536.jpg 982w, https:\/\/www.ubrankadochrztu.com\/wp-content\/uploads\/2023\/06\/23B001.5-1310x2048.jpg 1310w, https:\/\/www.ubrankadochrztu.com\/wp-content\/uploads\/2023\/06\/23B001.5-38x60.jpg 38w, https:\/\/www.ubrankadochrztu.com\/wp-content\/uploads\/2023\/06\/23B001.5-scaled.jpg 1637w\" sizes=\"(max-width: 655px) 100vw, 655px\" \/><\/figure>\n\n\n\n<figure class=\"wp-block-image size-large\"><img loading=\"lazy\" decoding=\"async\" width=\"655\" height=\"1024\" data-id=\"134\" src=\"https:\/\/www.ubrankadochrztu.com\/wp-content\/uploads\/2023\/06\/23B001.6-655x1024.jpg\" alt=\"\" class=\"wp-image-134\" srcset=\"https:\/\/www.ubrankadochrztu.com\/wp-content\/uploads\/2023\/06\/23B001.6-655x1024.jpg 655w, https:\/\/www.ubrankadochrztu.com\/wp-content\/uploads\/2023\/06\/23B001.6-192x300.jpg 192w, https:\/\/www.ubrankadochrztu.com\/wp-content\/uploads\/2023\/06\/23B001.6-768x1201.jpg 768w, https:\/\/www.ubrankadochrztu.com\/wp-content\/uploads\/2023\/06\/23B001.6-982x1536.jpg 982w, https:\/\/www.ubrankadochrztu.com\/wp-content\/uploads\/2023\/06\/23B001.6-1310x2048.jpg 1310w, https:\/\/www.ubrankadochrztu.com\/wp-content\/uploads\/2023\/06\/23B001.6-38x60.jpg 38w, https:\/\/www.ubrankadochrztu.com\/wp-content\/uploads\/2023\/06\/23B001.6-scaled.jpg 1637w\" sizes=\"(max-width: 655px) 100vw, 655px\" \/><\/figure>\n\n\n\n<figure class=\"wp-block-image size-large\"><img loading=\"lazy\" decoding=\"async\" width=\"713\" height=\"1024\" data-id=\"75\" src=\"https:\/\/www.ubrankadochrztu.com\/wp-content\/uploads\/2023\/06\/22B020_2-713x1024.jpg\" alt=\"\" class=\"wp-image-75\" srcset=\"https:\/\/www.ubrankadochrztu.com\/wp-content\/uploads\/2023\/06\/22B020_2-713x1024.jpg 713w, https:\/\/www.ubrankadochrztu.com\/wp-content\/uploads\/2023\/06\/22B020_2-209x300.jpg 209w, https:\/\/www.ubrankadochrztu.com\/wp-content\/uploads\/2023\/06\/22B020_2-768x1102.jpg 768w, https:\/\/www.ubrankadochrztu.com\/wp-content\/uploads\/2023\/06\/22B020_2-1070x1536.jpg 1070w, https:\/\/www.ubrankadochrztu.com\/wp-content\/uploads\/2023\/06\/22B020_2-1427x2048.jpg 1427w, https:\/\/www.ubrankadochrztu.com\/wp-content\/uploads\/2023\/06\/22B020_2-42x60.jpg 42w, https:\/\/www.ubrankadochrztu.com\/wp-content\/uploads\/2023\/06\/22B020_2-scaled.jpg 1784w\" sizes=\"(max-width: 713px) 100vw, 713px\" \/><\/figure>\n\n\n\n<figure class=\"wp-block-image size-large\"><img loading=\"lazy\" decoding=\"async\" width=\"582\" height=\"766\" data-id=\"83\" src=\"https:\/\/www.ubrankadochrztu.com\/wp-content\/uploads\/2023\/06\/22P0010_1.jpg\" alt=\"\" class=\"wp-image-83\" srcset=\"https:\/\/www.ubrankadochrztu.com\/wp-content\/uploads\/2023\/06\/22P0010_1.jpg 582w, https:\/\/www.ubrankadochrztu.com\/wp-content\/uploads\/2023\/06\/22P0010_1-228x300.jpg 228w, https:\/\/www.ubrankadochrztu.com\/wp-content\/uploads\/2023\/06\/22P0010_1-46x60.jpg 46w\" sizes=\"(max-width: 582px) 100vw, 582px\" \/><\/figure>\n\n\n\n<figure class=\"wp-block-image size-large\"><img loading=\"lazy\" decoding=\"async\" width=\"763\" height=\"1024\" data-id=\"64\" src=\"https:\/\/www.ubrankadochrztu.com\/wp-content\/uploads\/2023\/06\/22B010_2-763x1024.jpg\" alt=\"\" class=\"wp-image-64\" srcset=\"https:\/\/www.ubrankadochrztu.com\/wp-content\/uploads\/2023\/06\/22B010_2-763x1024.jpg 763w, https:\/\/www.ubrankadochrztu.com\/wp-content\/uploads\/2023\/06\/22B010_2-224x300.jpg 224w, https:\/\/www.ubrankadochrztu.com\/wp-content\/uploads\/2023\/06\/22B010_2-768x1030.jpg 768w, https:\/\/www.ubrankadochrztu.com\/wp-content\/uploads\/2023\/06\/22B010_2-1145x1536.jpg 1145w, https:\/\/www.ubrankadochrztu.com\/wp-content\/uploads\/2023\/06\/22B010_2-1527x2048.jpg 1527w, https:\/\/www.ubrankadochrztu.com\/wp-content\/uploads\/2023\/06\/22B010_2-45x60.jpg 45w, https:\/\/www.ubrankadochrztu.com\/wp-content\/uploads\/2023\/06\/22B010_2-scaled.jpg 1908w\" sizes=\"(max-width: 763px) 100vw, 763px\" \/><\/figure>\n\n\n\n<figure class=\"wp-block-image size-large\"><img loading=\"lazy\" decoding=\"async\" width=\"683\" height=\"1024\" data-id=\"62\" src=\"https:\/\/www.ubrankadochrztu.com\/wp-content\/uploads\/2023\/06\/22B009-683x1024.jpg\" alt=\"\" class=\"wp-image-62\" srcset=\"https:\/\/www.ubrankadochrztu.com\/wp-content\/uploads\/2023\/06\/22B009-683x1024.jpg 683w, https:\/\/www.ubrankadochrztu.com\/wp-content\/uploads\/2023\/06\/22B009-200x300.jpg 200w, https:\/\/www.ubrankadochrztu.com\/wp-content\/uploads\/2023\/06\/22B009-768x1152.jpg 768w, https:\/\/www.ubrankadochrztu.com\/wp-content\/uploads\/2023\/06\/22B009-1024x1536.jpg 1024w, https:\/\/www.ubrankadochrztu.com\/wp-content\/uploads\/2023\/06\/22B009-1365x2048.jpg 1365w, https:\/\/www.ubrankadochrztu.com\/wp-content\/uploads\/2023\/06\/22B009-40x60.jpg 40w, https:\/\/www.ubrankadochrztu.com\/wp-content\/uploads\/2023\/06\/22B009-scaled.jpg 1706w\" sizes=\"(max-width: 683px) 100vw, 683px\" \/><\/figure>\n\n\n\n<figure class=\"wp-block-image size-large\"><img loading=\"lazy\" decoding=\"async\" width=\"683\" height=\"1024\" data-id=\"54\" src=\"https:\/\/www.ubrankadochrztu.com\/wp-content\/uploads\/2023\/06\/22B001-683x1024.jpg\" alt=\"\" class=\"wp-image-54\" srcset=\"https:\/\/www.ubrankadochrztu.com\/wp-content\/uploads\/2023\/06\/22B001-683x1024.jpg 683w, https:\/\/www.ubrankadochrztu.com\/wp-content\/uploads\/2023\/06\/22B001-200x300.jpg 200w, https:\/\/www.ubrankadochrztu.com\/wp-content\/uploads\/2023\/06\/22B001-768x1152.jpg 768w, https:\/\/www.ubrankadochrztu.com\/wp-content\/uploads\/2023\/06\/22B001-1024x1536.jpg 1024w, https:\/\/www.ubrankadochrztu.com\/wp-content\/uploads\/2023\/06\/22B001-1365x2048.jpg 1365w, https:\/\/www.ubrankadochrztu.com\/wp-content\/uploads\/2023\/06\/22B001-40x60.jpg 40w, https:\/\/www.ubrankadochrztu.com\/wp-content\/uploads\/2023\/06\/22B001-scaled.jpg 1706w\" sizes=\"(max-width: 683px) 100vw, 683px\" \/><\/figure>\n\n\n\n<figure class=\"wp-block-image size-large\"><img loading=\"lazy\" decoding=\"async\" width=\"683\" height=\"1024\" data-id=\"56\" src=\"https:\/\/www.ubrankadochrztu.com\/wp-content\/uploads\/2023\/06\/22B003-683x1024.jpg\" alt=\"\" class=\"wp-image-56\" srcset=\"https:\/\/www.ubrankadochrztu.com\/wp-content\/uploads\/2023\/06\/22B003-683x1024.jpg 683w, https:\/\/www.ubrankadochrztu.com\/wp-content\/uploads\/2023\/06\/22B003-200x300.jpg 200w, https:\/\/www.ubrankadochrztu.com\/wp-content\/uploads\/2023\/06\/22B003-768x1152.jpg 768w, https:\/\/www.ubrankadochrztu.com\/wp-content\/uploads\/2023\/06\/22B003-1024x1536.jpg 1024w, https:\/\/www.ubrankadochrztu.com\/wp-content\/uploads\/2023\/06\/22B003-1365x2048.jpg 1365w, https:\/\/www.ubrankadochrztu.com\/wp-content\/uploads\/2023\/06\/22B003-40x60.jpg 40w, https:\/\/www.ubrankadochrztu.com\/wp-content\/uploads\/2023\/06\/22B003-scaled.jpg 1706w\" sizes=\"(max-width: 683px) 100vw, 683px\" \/><\/figure>\n\n\n\n<figure class=\"wp-block-image size-large\"><img loading=\"lazy\" decoding=\"async\" width=\"683\" height=\"1024\" data-id=\"57\" src=\"https:\/\/www.ubrankadochrztu.com\/wp-content\/uploads\/2023\/06\/22B005-683x1024.jpg\" alt=\"\" class=\"wp-image-57\" srcset=\"https:\/\/www.ubrankadochrztu.com\/wp-content\/uploads\/2023\/06\/22B005-683x1024.jpg 683w, https:\/\/www.ubrankadochrztu.com\/wp-content\/uploads\/2023\/06\/22B005-200x300.jpg 200w, https:\/\/www.ubrankadochrztu.com\/wp-content\/uploads\/2023\/06\/22B005-768x1152.jpg 768w, https:\/\/www.ubrankadochrztu.com\/wp-content\/uploads\/2023\/06\/22B005-1024x1536.jpg 1024w, https:\/\/www.ubrankadochrztu.com\/wp-content\/uploads\/2023\/06\/22B005-1365x2048.jpg 1365w, https:\/\/www.ubrankadochrztu.com\/wp-content\/uploads\/2023\/06\/22B005-40x60.jpg 40w, https:\/\/www.ubrankadochrztu.com\/wp-content\/uploads\/2023\/06\/22B005-scaled.jpg 1706w\" sizes=\"(max-width: 683px) 100vw, 683px\" \/><\/figure>\n\n\n\n<figure class=\"wp-block-image size-large\"><img loading=\"lazy\" decoding=\"async\" width=\"739\" height=\"1024\" data-id=\"59\" src=\"https:\/\/www.ubrankadochrztu.com\/wp-content\/uploads\/2023\/06\/22B006_2-739x1024.jpg\" alt=\"\" class=\"wp-image-59\" srcset=\"https:\/\/www.ubrankadochrztu.com\/wp-content\/uploads\/2023\/06\/22B006_2-739x1024.jpg 739w, https:\/\/www.ubrankadochrztu.com\/wp-content\/uploads\/2023\/06\/22B006_2-216x300.jpg 216w, https:\/\/www.ubrankadochrztu.com\/wp-content\/uploads\/2023\/06\/22B006_2-768x1065.jpg 768w, https:\/\/www.ubrankadochrztu.com\/wp-content\/uploads\/2023\/06\/22B006_2-1108x1536.jpg 1108w, https:\/\/www.ubrankadochrztu.com\/wp-content\/uploads\/2023\/06\/22B006_2-1477x2048.jpg 1477w, https:\/\/www.ubrankadochrztu.com\/wp-content\/uploads\/2023\/06\/22B006_2-43x60.jpg 43w, https:\/\/www.ubrankadochrztu.com\/wp-content\/uploads\/2023\/06\/22B006_2-scaled.jpg 1847w\" sizes=\"(max-width: 739px) 100vw, 739px\" \/><\/figure>\n\n\n\n<figure class=\"wp-block-image size-large\"><img loading=\"lazy\" decoding=\"async\" width=\"658\" height=\"1024\" data-id=\"146\" src=\"https:\/\/www.ubrankadochrztu.com\/wp-content\/uploads\/2023\/06\/23B010_2-658x1024.jpg\" alt=\"\" class=\"wp-image-146\" srcset=\"https:\/\/www.ubrankadochrztu.com\/wp-content\/uploads\/2023\/06\/23B010_2-658x1024.jpg 658w, https:\/\/www.ubrankadochrztu.com\/wp-content\/uploads\/2023\/06\/23B010_2-193x300.jpg 193w, https:\/\/www.ubrankadochrztu.com\/wp-content\/uploads\/2023\/06\/23B010_2-768x1195.jpg 768w, https:\/\/www.ubrankadochrztu.com\/wp-content\/uploads\/2023\/06\/23B010_2-987x1536.jpg 987w, https:\/\/www.ubrankadochrztu.com\/wp-content\/uploads\/2023\/06\/23B010_2-1316x2048.jpg 1316w, https:\/\/www.ubrankadochrztu.com\/wp-content\/uploads\/2023\/06\/23B010_2-39x60.jpg 39w, https:\/\/www.ubrankadochrztu.com\/wp-content\/uploads\/2023\/06\/23B010_2-scaled.jpg 1645w\" sizes=\"(max-width: 658px) 100vw, 658px\" \/><\/figure>\n\n\n\n<figure class=\"wp-block-image size-large\"><img loading=\"lazy\" decoding=\"async\" width=\"683\" height=\"1024\" data-id=\"147\" src=\"https:\/\/www.ubrankadochrztu.com\/wp-content\/uploads\/2023\/06\/23B011_1-683x1024.jpg\" alt=\"\" class=\"wp-image-147\" srcset=\"https:\/\/www.ubrankadochrztu.com\/wp-content\/uploads\/2023\/06\/23B011_1-683x1024.jpg 683w, https:\/\/www.ubrankadochrztu.com\/wp-content\/uploads\/2023\/06\/23B011_1-200x300.jpg 200w, https:\/\/www.ubrankadochrztu.com\/wp-content\/uploads\/2023\/06\/23B011_1-768x1152.jpg 768w, https:\/\/www.ubrankadochrztu.com\/wp-content\/uploads\/2023\/06\/23B011_1-1024x1536.jpg 1024w, https:\/\/www.ubrankadochrztu.com\/wp-content\/uploads\/2023\/06\/23B011_1-1365x2048.jpg 1365w, https:\/\/www.ubrankadochrztu.com\/wp-content\/uploads\/2023\/06\/23B011_1-40x60.jpg 40w, https:\/\/www.ubrankadochrztu.com\/wp-content\/uploads\/2023\/06\/23B011_1-scaled.jpg 1706w\" sizes=\"(max-width: 683px) 100vw, 683px\" \/><\/figure>\n\n\n\n<figure class=\"wp-block-image size-large\"><img loading=\"lazy\" decoding=\"async\" width=\"658\" height=\"1024\" data-id=\"148\" src=\"https:\/\/www.ubrankadochrztu.com\/wp-content\/uploads\/2023\/06\/23B011_2-658x1024.jpg\" alt=\"\" class=\"wp-image-148\" srcset=\"https:\/\/www.ubrankadochrztu.com\/wp-content\/uploads\/2023\/06\/23B011_2-658x1024.jpg 658w, https:\/\/www.ubrankadochrztu.com\/wp-content\/uploads\/2023\/06\/23B011_2-193x300.jpg 193w, https:\/\/www.ubrankadochrztu.com\/wp-content\/uploads\/2023\/06\/23B011_2-768x1195.jpg 768w, https:\/\/www.ubrankadochrztu.com\/wp-content\/uploads\/2023\/06\/23B011_2-987x1536.jpg 987w, https:\/\/www.ubrankadochrztu.com\/wp-content\/uploads\/2023\/06\/23B011_2-1316x2048.jpg 1316w, https:\/\/www.ubrankadochrztu.com\/wp-content\/uploads\/2023\/06\/23B011_2-39x60.jpg 39w, https:\/\/www.ubrankadochrztu.com\/wp-content\/uploads\/2023\/06\/23B011_2-scaled.jpg 1645w\" sizes=\"(max-width: 658px) 100vw, 658px\" \/><\/figure>\n\n\n\n<figure class=\"wp-block-image size-large\"><img loading=\"lazy\" decoding=\"async\" width=\"683\" height=\"1024\" data-id=\"139\" src=\"https:\/\/www.ubrankadochrztu.com\/wp-content\/uploads\/2023\/06\/23B001M_1-683x1024.jpg\" alt=\"\" class=\"wp-image-139\" srcset=\"https:\/\/www.ubrankadochrztu.com\/wp-content\/uploads\/2023\/06\/23B001M_1-683x1024.jpg 683w, https:\/\/www.ubrankadochrztu.com\/wp-content\/uploads\/2023\/06\/23B001M_1-200x300.jpg 200w, https:\/\/www.ubrankadochrztu.com\/wp-content\/uploads\/2023\/06\/23B001M_1-768x1152.jpg 768w, https:\/\/www.ubrankadochrztu.com\/wp-content\/uploads\/2023\/06\/23B001M_1-1024x1536.jpg 1024w, https:\/\/www.ubrankadochrztu.com\/wp-content\/uploads\/2023\/06\/23B001M_1-1365x2048.jpg 1365w, https:\/\/www.ubrankadochrztu.com\/wp-content\/uploads\/2023\/06\/23B001M_1-40x60.jpg 40w, https:\/\/www.ubrankadochrztu.com\/wp-content\/uploads\/2023\/06\/23B001M_1-scaled.jpg 1706w\" sizes=\"(max-width: 683px) 100vw, 683px\" \/><\/figure>\n\n\n\n<figure class=\"wp-block-image size-large\"><img loading=\"lazy\" decoding=\"async\" width=\"683\" height=\"1024\" data-id=\"142\" src=\"https:\/\/www.ubrankadochrztu.com\/wp-content\/uploads\/2023\/06\/23B001M_4-683x1024.jpg\" alt=\"\" class=\"wp-image-142\" srcset=\"https:\/\/www.ubrankadochrztu.com\/wp-content\/uploads\/2023\/06\/23B001M_4-683x1024.jpg 683w, https:\/\/www.ubrankadochrztu.com\/wp-content\/uploads\/2023\/06\/23B001M_4-200x300.jpg 200w, https:\/\/www.ubrankadochrztu.com\/wp-content\/uploads\/2023\/06\/23B001M_4-768x1152.jpg 768w, https:\/\/www.ubrankadochrztu.com\/wp-content\/uploads\/2023\/06\/23B001M_4-1024x1536.jpg 1024w, https:\/\/www.ubrankadochrztu.com\/wp-content\/uploads\/2023\/06\/23B001M_4-1365x2048.jpg 1365w, https:\/\/www.ubrankadochrztu.com\/wp-content\/uploads\/2023\/06\/23B001M_4-40x60.jpg 40w, https:\/\/www.ubrankadochrztu.com\/wp-content\/uploads\/2023\/06\/23B001M_4-scaled.jpg 1706w\" sizes=\"(max-width: 683px) 100vw, 683px\" \/><\/figure>\n\n\n\n<figure class=\"wp-block-image size-large\"><img loading=\"lazy\" decoding=\"async\" width=\"683\" height=\"1024\" data-id=\"143\" src=\"https:\/\/www.ubrankadochrztu.com\/wp-content\/uploads\/2023\/06\/23B001M_5-683x1024.jpg\" alt=\"\" class=\"wp-image-143\" srcset=\"https:\/\/www.ubrankadochrztu.com\/wp-content\/uploads\/2023\/06\/23B001M_5-683x1024.jpg 683w, https:\/\/www.ubrankadochrztu.com\/wp-content\/uploads\/2023\/06\/23B001M_5-200x300.jpg 200w, https:\/\/www.ubrankadochrztu.com\/wp-content\/uploads\/2023\/06\/23B001M_5-768x1152.jpg 768w, https:\/\/www.ubrankadochrztu.com\/wp-content\/uploads\/2023\/06\/23B001M_5-1024x1536.jpg 1024w, https:\/\/www.ubrankadochrztu.com\/wp-content\/uploads\/2023\/06\/23B001M_5-1365x2048.jpg 1365w, https:\/\/www.ubrankadochrztu.com\/wp-content\/uploads\/2023\/06\/23B001M_5-40x60.jpg 40w, https:\/\/www.ubrankadochrztu.com\/wp-content\/uploads\/2023\/06\/23B001M_5-scaled.jpg 1706w\" sizes=\"(max-width: 683px) 100vw, 683px\" \/><\/figure>\n\n\n\n<figure class=\"wp-block-image size-large\"><img loading=\"lazy\" decoding=\"async\" width=\"1024\" height=\"683\" data-id=\"141\" src=\"https:\/\/www.ubrankadochrztu.com\/wp-content\/uploads\/2023\/06\/23B001M_3-1024x683.jpg\" alt=\"\" class=\"wp-image-141\" srcset=\"https:\/\/www.ubrankadochrztu.com\/wp-content\/uploads\/2023\/06\/23B001M_3-1024x683.jpg 1024w, https:\/\/www.ubrankadochrztu.com\/wp-content\/uploads\/2023\/06\/23B001M_3-300x200.jpg 300w, https:\/\/www.ubrankadochrztu.com\/wp-content\/uploads\/2023\/06\/23B001M_3-768x512.jpg 768w, https:\/\/www.ubrankadochrztu.com\/wp-content\/uploads\/2023\/06\/23B001M_3-1536x1024.jpg 1536w, https:\/\/www.ubrankadochrztu.com\/wp-content\/uploads\/2023\/06\/23B001M_3-2048x1365.jpg 2048w, https:\/\/www.ubrankadochrztu.com\/wp-content\/uploads\/2023\/06\/23B001M_3-450x300.jpg 450w, https:\/\/www.ubrankadochrztu.com\/wp-content\/uploads\/2023\/06\/23B001M_3-90x60.jpg 90w\" sizes=\"(max-width: 1024px) 100vw, 1024px\" \/><\/figure>\n<\/figure>\n","protected":false},"excerpt":{"rendered":"<p>Je\u015bli szukasz pi\u0119knej i wyj\u0105tkowej sukienki do chrztu dla swojej c\u00f3reczki, zapraszamy do zapoznania si\u0119 z nasz\u0105 ofert\u0105 ubranek do chrztu firmy Folletti. Oferujemy szeroki wyb\u00f3r sukienek w r\u00f3\u017cnych kolorach i stylach, dopasowanych do ka\u017cdej uroczysto\u015bci. Nasze sukienki s\u0105 szyte r\u0119cznie z wysokiej jako\u015bci materia\u0142\u00f3w, takich jak szyfon, tiul, satyna mu\u015blin, len, welur, czy koronka &hellip; <\/p>\n","protected":false},"author":1,"featured_media":64,"parent":0,"menu_order":0,"comment_status":"closed","ping_status":"closed","template":"","meta":{"footnotes":""},"jetpack_sharing_enabled":true,"_links":{"self":[{"href":"https:\/\/www.ubrankadochrztu.com\/index.php?rest_route=\/wp\/v2\/pages\/159"}],"collection":[{"href":"https:\/\/www.ubrankadochrztu.com\/index.php?rest_route=\/wp\/v2\/pages"}],"about":[{"href":"https:\/\/www.ubrankadochrztu.com\/index.php?rest_route=\/wp\/v2\/types\/page"}],"author":[{"embeddable":true,"href":"https:\/\/www.ubrankadochrztu.com\/index.php?rest_route=\/wp\/v2\/users\/1"}],"replies":[{"embeddable":true,"href":"https:\/\/www.ubrankadochrztu.com\/index.php?rest_route=%2Fwp%2Fv2%2Fcomments&post=159"}],"version-history":[{"count":5,"href":"https:\/\/www.ubrankadochrztu.com\/index.php?rest_route=\/wp\/v2\/pages\/159\/revisions"}],"predecessor-version":[{"id":216,"href":"https:\/\/www.ubrankadochrztu.com\/index.php?rest_route=\/wp\/v2\/pages\/159\/revisions\/216"}],"wp:featuredmedia":[{"embeddable":true,"href":"https:\/\/www.ubrankadochrztu.com\/index.php?rest_route=\/wp\/v2\/media\/64"}],"wp:attachment":[{"href":"https:\/\/www.ubrankadochrztu.com\/index.php?rest_route=%2Fwp%2Fv2%2Fmedia&parent=159"}],"curies":[{"name":"wp","href":"https:\/\/api.w.org\/{rel}","templated":true}]}}